{"id":567,"date":"2012-10-06T07:31:02","date_gmt":"2012-10-06T05:31:02","guid":{"rendered":"http:\/\/www.saintquentin.be\/site\/?page_id=567"},"modified":"2023-01-30T17:43:18","modified_gmt":"2023-01-30T16:43:18","slug":"implantation-rebonmoulins","status":"publish","type":"page","link":"https:\/\/www.epasc-ciney.be\/epasc\/notre-internat\/implantation-rebonmoulins\/","title":{"rendered":"Implantation Rebonmoulin"},"content":{"rendered":"<p>Notre implantation \"Rebonmoulin\" compte 175 places dont 159 chambres individuelles<br \/>\net 8 chambres doubles pour les \u00e9l\u00e8ves de la 1\u00e8re \u00e0 la 5\u00e8me.<\/p>\n<p><a href=\"https:\/\/i0.wp.com\/www.saintquentin.be\/site\/wp-content\/uploads\/2012\/10\/52_internat1.jpg\"><img data-recalc-dims=\"1\" loading=\"lazy\" decoding=\"async\" class=\"aligncenter size-full wp-image-568\" title=\"52_internat1\" src=\"https:\/\/i0.wp.com\/www.saintquentin.be\/site\/wp-content\/uploads\/2012\/10\/52_internat1.jpg?resize=900%2C600\" alt=\"\" width=\"900\" height=\"600\" srcset=\"https:\/\/i0.wp.com\/www.epasc-ciney.be\/epasc\/wp-content\/uploads\/2012\/10\/52_internat1.jpg?w=900&amp;ssl=1 900w, https:\/\/i0.wp.com\/www.epasc-ciney.be\/epasc\/wp-content\/uploads\/2012\/10\/52_internat1.jpg?resize=300%2C200&amp;ssl=1 300w, https:\/\/i0.wp.com\/www.epasc-ciney.be\/epasc\/wp-content\/uploads\/2012\/10\/52_internat1.jpg?resize=351%2C235&amp;ssl=1 351w\" sizes=\"auto, (max-width: 900px) 100vw, 900px\" \/><\/a><\/p>\n<p style=\"text-align: center;\">Cliquez sur les photos ci-dessous pour d\u00e9couvrir nos chambres:<\/p>\n<p>&nbsp;<\/p>\n<p style=\"text-align: center;\"><!-- default-view.php -->\n<div\n\tclass=\"ngg-galleryoverview default-view  ngg-ajax-pagination-none\"\n\tid=\"ngg-gallery-57187d00f43e781f6121cf087088c717-1\">\n\n\t\t<!-- Thumbnails -->\n\t\t\t\t<div id=\"ngg-image-0\" class=\"ngg-gallery-thumbnail-box \" >\n\t\t\t\t        <div class=\"ngg-gallery-thumbnail\">\n            <a href=\"https:\/\/www.epasc-ciney.be\/epasc\/wp-content\/gallery\/chambres_internat\/lightbox_internat1_1.jpg\"\n               title=\"\"\n               data-src=\"https:\/\/www.epasc-ciney.be\/epasc\/wp-content\/gallery\/chambres_internat\/lightbox_internat1_1.jpg\"\n               data-thumbnail=\"https:\/\/www.epasc-ciney.be\/epasc\/wp-content\/gallery\/chambres_internat\/thumbs\/thumbs_lightbox_internat1_1.jpg\"\n               data-image-id=\"495\"\n               data-title=\"lightbox_internat1_1\"\n               data-description=\"\"\n               data-image-slug=\"lightbox_internat1_1\"\n               class=\"ngg-fancybox\" rel=\"57187d00f43e781f6121cf087088c717\">\n                <img\n                    title=\"lightbox_internat1_1\"\n                    alt=\"lightbox_internat1_1\"\n                    src=\"https:\/\/www.epasc-ciney.be\/epasc\/wp-content\/gallery\/chambres_internat\/thumbs\/thumbs_lightbox_internat1_1.jpg\"\n                    width=\"120\"\n                    height=\"90\"\n                    style=\"max-width:100%;\"\n                \/>\n            <\/a>\n        <\/div>\n\t\t\t\t\t\t\t<\/div> \n\t\t\t\n\t\t\t\t<div id=\"ngg-image-1\" class=\"ngg-gallery-thumbnail-box \" >\n\t\t\t\t        <div class=\"ngg-gallery-thumbnail\">\n            <a href=\"https:\/\/www.epasc-ciney.be\/epasc\/wp-content\/gallery\/chambres_internat\/lightbox_internat1_2.jpg\"\n               title=\"\"\n               data-src=\"https:\/\/www.epasc-ciney.be\/epasc\/wp-content\/gallery\/chambres_internat\/lightbox_internat1_2.jpg\"\n               data-thumbnail=\"https:\/\/www.epasc-ciney.be\/epasc\/wp-content\/gallery\/chambres_internat\/thumbs\/thumbs_lightbox_internat1_2.jpg\"\n               data-image-id=\"496\"\n               data-title=\"lightbox_internat1_2\"\n               data-description=\"\"\n               data-image-slug=\"lightbox_internat1_2\"\n               class=\"ngg-fancybox\" rel=\"57187d00f43e781f6121cf087088c717\">\n                <img\n                    title=\"lightbox_internat1_2\"\n                    alt=\"lightbox_internat1_2\"\n                    src=\"https:\/\/www.epasc-ciney.be\/epasc\/wp-content\/gallery\/chambres_internat\/thumbs\/thumbs_lightbox_internat1_2.jpg\"\n                    width=\"120\"\n                    height=\"90\"\n                    style=\"max-width:100%;\"\n                \/>\n            <\/a>\n        <\/div>\n\t\t\t\t\t\t\t<\/div> \n\t\t\t\n\t\t\t\t<div id=\"ngg-image-2\" class=\"ngg-gallery-thumbnail-box \" >\n\t\t\t\t        <div class=\"ngg-gallery-thumbnail\">\n            <a href=\"https:\/\/www.epasc-ciney.be\/epasc\/wp-content\/gallery\/chambres_internat\/lightbox_internat1_3.jpg\"\n               title=\"\"\n               data-src=\"https:\/\/www.epasc-ciney.be\/epasc\/wp-content\/gallery\/chambres_internat\/lightbox_internat1_3.jpg\"\n               data-thumbnail=\"https:\/\/www.epasc-ciney.be\/epasc\/wp-content\/gallery\/chambres_internat\/thumbs\/thumbs_lightbox_internat1_3.jpg\"\n               data-image-id=\"497\"\n               data-title=\"lightbox_internat1_3\"\n               data-description=\"\"\n               data-image-slug=\"lightbox_internat1_3\"\n               class=\"ngg-fancybox\" rel=\"57187d00f43e781f6121cf087088c717\">\n                <img\n                    title=\"lightbox_internat1_3\"\n                    alt=\"lightbox_internat1_3\"\n                    src=\"https:\/\/www.epasc-ciney.be\/epasc\/wp-content\/gallery\/chambres_internat\/thumbs\/thumbs_lightbox_internat1_3.jpg\"\n                    width=\"120\"\n                    height=\"90\"\n                    style=\"max-width:100%;\"\n                \/>\n            <\/a>\n        <\/div>\n\t\t\t\t\t\t\t<\/div> \n\t\t\t\n\t\t\t\t<div id=\"ngg-image-3\" class=\"ngg-gallery-thumbnail-box \" >\n\t\t\t\t        <div class=\"ngg-gallery-thumbnail\">\n            <a href=\"https:\/\/www.epasc-ciney.be\/epasc\/wp-content\/gallery\/chambres_internat\/lightbox_internat1_4.jpg\"\n               title=\"\"\n               data-src=\"https:\/\/www.epasc-ciney.be\/epasc\/wp-content\/gallery\/chambres_internat\/lightbox_internat1_4.jpg\"\n               data-thumbnail=\"https:\/\/www.epasc-ciney.be\/epasc\/wp-content\/gallery\/chambres_internat\/thumbs\/thumbs_lightbox_internat1_4.jpg\"\n               data-image-id=\"498\"\n               data-title=\"lightbox_internat1_4\"\n               data-description=\"\"\n               data-image-slug=\"lightbox_internat1_4\"\n               class=\"ngg-fancybox\" rel=\"57187d00f43e781f6121cf087088c717\">\n                <img\n                    title=\"lightbox_internat1_4\"\n                    alt=\"lightbox_internat1_4\"\n                    src=\"https:\/\/www.epasc-ciney.be\/epasc\/wp-content\/gallery\/chambres_internat\/thumbs\/thumbs_lightbox_internat1_4.jpg\"\n                    width=\"120\"\n                    height=\"90\"\n                    style=\"max-width:100%;\"\n                \/>\n            <\/a>\n        <\/div>\n\t\t\t\t\t\t\t<\/div> \n\t\t\t\n\t\t\t\t<div id=\"ngg-image-4\" class=\"ngg-gallery-thumbnail-box \" >\n\t\t\t\t        <div class=\"ngg-gallery-thumbnail\">\n            <a href=\"https:\/\/www.epasc-ciney.be\/epasc\/wp-content\/gallery\/chambres_internat\/lightbox_internat1_5.jpg\"\n               title=\"\"\n               data-src=\"https:\/\/www.epasc-ciney.be\/epasc\/wp-content\/gallery\/chambres_internat\/lightbox_internat1_5.jpg\"\n               data-thumbnail=\"https:\/\/www.epasc-ciney.be\/epasc\/wp-content\/gallery\/chambres_internat\/thumbs\/thumbs_lightbox_internat1_5.jpg\"\n               data-image-id=\"499\"\n               data-title=\"lightbox_internat1_5\"\n               data-description=\"\"\n               data-image-slug=\"lightbox_internat1_5\"\n               class=\"ngg-fancybox\" rel=\"57187d00f43e781f6121cf087088c717\">\n                <img\n                    title=\"lightbox_internat1_5\"\n                    alt=\"lightbox_internat1_5\"\n                    src=\"https:\/\/www.epasc-ciney.be\/epasc\/wp-content\/gallery\/chambres_internat\/thumbs\/thumbs_lightbox_internat1_5.jpg\"\n                    width=\"120\"\n                    height=\"90\"\n                    style=\"max-width:100%;\"\n                \/>\n            <\/a>\n        <\/div>\n\t\t\t\t\t\t\t<\/div> \n\t\t\t\n\t\n\t<br style=\"clear: both\" \/>\n\n\t\t<div class=\"slideshowlink\">\n        <a href='https:\/\/www.epasc-ciney.be\/epasc\/notre-internat\/implantation-rebonmoulins\/nggallery\/slideshow'>[Montrer sous forme de diaporama]<\/a>\n\t\t\n\t<\/div>\n\t\n\t\t<!-- Pagination -->\n\t<div class='ngg-clear'><\/div>\t<\/div>\n<\/p>\n","protected":false},"excerpt":{"rendered":"<p>Notre implantation \"Rebonmoulin\" compte 175 places dont 159 chambres individuelles et 8 chambres doubles pour les \u00e9l\u00e8ves de la 1\u00e8re \u00e0 la 5\u00e8me....<\/p>\n","protected":false},"author":1,"featured_media":0,"parent":93,"menu_order":18,"comment_status":"closed","ping_status":"closed","template":"","meta":{"ngg_post_thumbnail":0,"footnotes":""},"class_list":["post-567","page","type-page","status-publish","hentry"],"aioseo_notices":[],"_links":{"self":[{"href":"https:\/\/www.epasc-ciney.be\/epasc\/wp-json\/wp\/v2\/pages\/567","targetHints":{"allow":["GET"]}}],"collection":[{"href":"https:\/\/www.epasc-ciney.be\/epasc\/wp-json\/wp\/v2\/pages"}],"about":[{"href":"https:\/\/www.epasc-ciney.be\/epasc\/wp-json\/wp\/v2\/types\/page"}],"author":[{"embeddable":true,"href":"https:\/\/www.epasc-ciney.be\/epasc\/wp-json\/wp\/v2\/users\/1"}],"replies":[{"embeddable":true,"href":"https:\/\/www.epasc-ciney.be\/epasc\/wp-json\/wp\/v2\/comments?post=567"}],"version-history":[{"count":1,"href":"https:\/\/www.epasc-ciney.be\/epasc\/wp-json\/wp\/v2\/pages\/567\/revisions"}],"predecessor-version":[{"id":12751,"href":"https:\/\/www.epasc-ciney.be\/epasc\/wp-json\/wp\/v2\/pages\/567\/revisions\/12751"}],"up":[{"embeddable":true,"href":"https:\/\/www.epasc-ciney.be\/epasc\/wp-json\/wp\/v2\/pages\/93"}],"wp:attachment":[{"href":"https:\/\/www.epasc-ciney.be\/epasc\/wp-json\/wp\/v2\/media?parent=567"}],"curies":[{"name":"wp","href":"https:\/\/api.w.org\/{rel}","templated":true}]}}