{"id":561,"date":"2012-10-04T19:06:17","date_gmt":"2012-10-04T17:06:17","guid":{"rendered":"http:\/\/www.saintquentin.be\/site\/?page_id=561"},"modified":"2015-05-02T13:18:36","modified_gmt":"2015-05-02T12:18:36","slug":"six-annees-de-photos-de-classe","status":"publish","type":"page","link":"https:\/\/www.epasc-ciney.be\/epasc\/divers\/six-annees-de-photos-de-classe\/","title":{"rendered":"Six ann\u00e9es de photos de classe"},"content":{"rendered":"<p>D\u00e9couvrez ci-dessous six ann\u00e9es de photos de classes<\/p>\n<p>&nbsp;<\/p>\n<p><iframe loading=\"lazy\" name=\"nom de la frame\" target=\"target\" src=\"http:\/\/saintquentin.be\/Events\/classes\/\" frameborder=\"0\" height=\"800px\" width=\"99%\" scrolling=\"no\"><\/iframe><\/p>\n","protected":false},"excerpt":{"rendered":"<p>D\u00e9couvrez ci-dessous six ann\u00e9es de photos de classes &nbsp;<\/p>\n","protected":false},"author":1,"featured_media":0,"parent":4239,"menu_order":17,"comment_status":"closed","ping_status":"closed","template":"onecolumn-page.php","meta":{"ngg_post_thumbnail":0,"footnotes":""},"class_list":["post-561","page","type-page","status-publish","hentry"],"aioseo_notices":[],"_links":{"self":[{"href":"https:\/\/www.epasc-ciney.be\/epasc\/wp-json\/wp\/v2\/pages\/561","targetHints":{"allow":["GET"]}}],"collection":[{"href":"https:\/\/www.epasc-ciney.be\/epasc\/wp-json\/wp\/v2\/pages"}],"about":[{"href":"https:\/\/www.epasc-ciney.be\/epasc\/wp-json\/wp\/v2\/types\/page"}],"author":[{"embeddable":true,"href":"https:\/\/www.epasc-ciney.be\/epasc\/wp-json\/wp\/v2\/users\/1"}],"replies":[{"embeddable":true,"href":"https:\/\/www.epasc-ciney.be\/epasc\/wp-json\/wp\/v2\/comments?post=561"}],"version-history":[{"count":0,"href":"https:\/\/www.epasc-ciney.be\/epasc\/wp-json\/wp\/v2\/pages\/561\/revisions"}],"up":[{"embeddable":true,"href":"https:\/\/www.epasc-ciney.be\/epasc\/wp-json\/wp\/v2\/pages\/4239"}],"wp:attachment":[{"href":"https:\/\/www.epasc-ciney.be\/epasc\/wp-json\/wp\/v2\/media?parent=561"}],"curies":[{"name":"wp","href":"https:\/\/api.w.org\/{rel}","templated":true}]}}