{"id":374,"date":"2012-10-03T17:44:10","date_gmt":"2012-10-03T15:44:10","guid":{"rendered":"http:\/\/www.saintquentin.be\/site\/?page_id=374"},"modified":"2018-06-14T11:10:44","modified_gmt":"2018-06-14T10:10:44","slug":"le-centre-pms","status":"publish","type":"page","link":"https:\/\/www.epasc-ciney.be\/epasc\/nos-partenaires\/le-centre-pms\/","title":{"rendered":"Le Centre PMS"},"content":{"rendered":"<p>QU\u2019EST-CE QUE LE CENTRE P.M.S. ?<\/p>\n<p>Le Centre Psycho-M\u00e9dico-Social est le partenaire privil\u00e9gi\u00e9 de votre \u00e9cole fr\u00e9quent\u00e9e par votre enfant. Il est \u00e9galement \u00e0 la disposition pour toute question relative \u00e0 l\u2019\u00e9ducation de leur enfant.<br \/>\nLe centre PMS est un service public gratuit dont les agents sont tenus au secret professionnel.<\/p>\n<p>QUE FAIT-IL ?<\/p>\n<p>Durant le parcours scolaire de l\u2019\u00e9l\u00e8ve, nous voulons contribuer<br \/>\n\u2022 \u00e0 enrichir l\u2019information relative \u00e0 son \u00e9ducation<br \/>\n\u2022 \u00e0 pr\u00e9venir tout d\u00e9crochage en collaboration avec les parents et l\u2019\u00e9quipe \u00e9ducative.<br \/>\n\u2022 \u00e0 promouvoir la sant\u00e9 de l\u2019enfant<br \/>\n\u2022 au processus d\u2019orientation scolaire et ou professionnelle du jeune.<\/p>\n<p>COMMENT PROCEDE-T-IL ?<\/p>\n<p>En fonction de la situation et apr\u00e8s analyse de celle-ci, par :<br \/>\n\u2022 des observations en classe<br \/>\n\u2022 des animations<br \/>\n\u2022 des entretiens<br \/>\n\u2022 des interventions individuelles<br \/>\n\u2022 des r\u00e9unions de parents<br \/>\n\u2022 des lieux d\u2019\u00e9coute<br \/>\n\u2022 des accompagnements individuels ou collectifs.<br \/>\nEn collaborant avec d\u2019autres services. Et notamment le SPSE (Service de Promotion de la Sant\u00e9 \u00e0 l\u2019Ecole P.S.E.\/ ex IMS).<\/p>\n<p>COMMENT RENCONTRER L\u2019EQUIPE ?<\/p>\n<p>\u2022 par l'interm\u00e9diaire de l'\u00e9cole<br \/>\n\u2022 en nous contactant au centre P.M.S. Provincial dont voici les coordonn\u00e9es :<br \/>\nrue Walter S\u0153ur, 66 \u2013 5590 CINEY \u2013 <strong>T\u00e9l. 081 77 68 26<\/strong><\/p>\n<p>O\u00d9? A d\u00e9terminer en fonction de la situation :<\/p>\n<p>\u2022 \u00e0 l'\u00e9cole<br \/>\n\u2022 au Centre P.M.S.<\/p>\n<p>NB: L\u2019\u00e9cole s\u2019appuie \u00e9galement sur les Services Provinciaux tel que le PSE (Promotion Sant\u00e9 \u00e0 l\u2019Ecole) et IPGH (Institut Provincial d\u2019Hygi\u00e8ne Sociale).<\/p>\n<p>&nbsp;<\/p>\n","protected":false},"excerpt":{"rendered":"<p>QU\u2019EST-CE QUE LE CENTRE P.M.S. ? Le Centre Psycho-M\u00e9dico-Social est le partenaire privil\u00e9gi\u00e9 de votre \u00e9cole fr\u00e9quent\u00e9e par votre enfant. Il est \u00e9galement...<\/p>\n","protected":false},"author":1,"featured_media":2173,"parent":95,"menu_order":22,"comment_status":"closed","ping_status":"closed","template":"","meta":{"ngg_post_thumbnail":0,"footnotes":""},"class_list":["post-374","page","type-page","status-publish","has-post-thumbnail","hentry"],"aioseo_notices":[],"_links":{"self":[{"href":"https:\/\/www.epasc-ciney.be\/epasc\/wp-json\/wp\/v2\/pages\/374","targetHints":{"allow":["GET"]}}],"collection":[{"href":"https:\/\/www.epasc-ciney.be\/epasc\/wp-json\/wp\/v2\/pages"}],"about":[{"href":"https:\/\/www.epasc-ciney.be\/epasc\/wp-json\/wp\/v2\/types\/page"}],"author":[{"embeddable":true,"href":"https:\/\/www.epasc-ciney.be\/epasc\/wp-json\/wp\/v2\/users\/1"}],"replies":[{"embeddable":true,"href":"https:\/\/www.epasc-ciney.be\/epasc\/wp-json\/wp\/v2\/comments?post=374"}],"version-history":[{"count":0,"href":"https:\/\/www.epasc-ciney.be\/epasc\/wp-json\/wp\/v2\/pages\/374\/revisions"}],"up":[{"embeddable":true,"href":"https:\/\/www.epasc-ciney.be\/epasc\/wp-json\/wp\/v2\/pages\/95"}],"wp:featuredmedia":[{"embeddable":true,"href":"https:\/\/www.epasc-ciney.be\/epasc\/wp-json\/wp\/v2\/media\/2173"}],"wp:attachment":[{"href":"https:\/\/www.epasc-ciney.be\/epasc\/wp-json\/wp\/v2\/media?parent=374"}],"curies":[{"name":"wp","href":"https:\/\/api.w.org\/{rel}","templated":true}]}}