{"id":2737,"date":"2014-12-06T15:49:34","date_gmt":"2014-12-06T14:49:34","guid":{"rendered":"http:\/\/www.saintquentin.be\/epasc\/?page_id=2737"},"modified":"2022-05-12T11:53:17","modified_gmt":"2022-05-12T09:53:17","slug":"permis-g","status":"publish","type":"page","link":"https:\/\/www.epasc-ciney.be\/epasc\/permis-g\/","title":{"rendered":"Permis G"},"content":{"rendered":"<p>L\u2019EPASC est un centre de formation agricole agr\u00e9\u00e9 pour la formation du permis tracteur (permis G).<\/p>\n<p>Elle organise des formations pratiques (6h) pour ses \u00e9l\u00e8ves afin de les pr\u00e9parer au mieux \u00e0 l\u2019examen d\u2019obtention du permis G. L\u2019organisation pr\u00e9voit \u00e9galement l\u2019accompagnement des \u00e9l\u00e8ves \u00e0 l\u2019examen.<\/p>\n<p>Prochainement, l\u2019EPASC va collaborer avec la F\u00e9d\u00e9ration des Jeunes Agriculteurs (FJA) pour permettre d\u2019accueillir d\u2019autres candidats \u00e0 la formation.<\/p>\n<p>Renseignements&nbsp;\u00e0 l\u2019\u00e9cole&nbsp;: 081\/776 790<\/p>\n<p><a href=\"https:\/\/i0.wp.com\/www.saintquentin.be\/epasc\/wp-content\/uploads\/2014\/12\/Permis-Tracteur.jpg\"><img data-recalc-dims=\"1\" loading=\"lazy\" decoding=\"async\" class=\"aligncenter size-full wp-image-2740\" src=\"https:\/\/i0.wp.com\/www.saintquentin.be\/epasc\/wp-content\/uploads\/2014\/12\/Permis-Tracteur.jpg?resize=800%2C475\" alt=\"Permis-Tracteur\" width=\"800\" height=\"475\" srcset=\"https:\/\/i0.wp.com\/www.epasc-ciney.be\/epasc\/wp-content\/uploads\/2014\/12\/Permis-Tracteur.jpg?w=800&amp;ssl=1 800w, https:\/\/i0.wp.com\/www.epasc-ciney.be\/epasc\/wp-content\/uploads\/2014\/12\/Permis-Tracteur.jpg?resize=300%2C178&amp;ssl=1 300w, https:\/\/i0.wp.com\/www.epasc-ciney.be\/epasc\/wp-content\/uploads\/2014\/12\/Permis-Tracteur.jpg?resize=600%2C356&amp;ssl=1 600w\" sizes=\"auto, (max-width: 800px) 100vw, 800px\" \/><\/a><\/p>\n","protected":false},"excerpt":{"rendered":"<p>L\u2019EPASC est un centre de formation agricole agr\u00e9\u00e9 pour la formation du permis tracteur (permis G). Elle organise des formations pratiques (6h) pour...<\/p>\n","protected":false},"author":1,"featured_media":0,"parent":0,"menu_order":23,"comment_status":"open","ping_status":"open","template":"","meta":{"ngg_post_thumbnail":0,"footnotes":""},"class_list":["post-2737","page","type-page","status-publish","hentry"],"aioseo_notices":[],"_links":{"self":[{"href":"https:\/\/www.epasc-ciney.be\/epasc\/wp-json\/wp\/v2\/pages\/2737","targetHints":{"allow":["GET"]}}],"collection":[{"href":"https:\/\/www.epasc-ciney.be\/epasc\/wp-json\/wp\/v2\/pages"}],"about":[{"href":"https:\/\/www.epasc-ciney.be\/epasc\/wp-json\/wp\/v2\/types\/page"}],"author":[{"embeddable":true,"href":"https:\/\/www.epasc-ciney.be\/epasc\/wp-json\/wp\/v2\/users\/1"}],"replies":[{"embeddable":true,"href":"https:\/\/www.epasc-ciney.be\/epasc\/wp-json\/wp\/v2\/comments?post=2737"}],"version-history":[{"count":1,"href":"https:\/\/www.epasc-ciney.be\/epasc\/wp-json\/wp\/v2\/pages\/2737\/revisions"}],"predecessor-version":[{"id":12451,"href":"https:\/\/www.epasc-ciney.be\/epasc\/wp-json\/wp\/v2\/pages\/2737\/revisions\/12451"}],"wp:attachment":[{"href":"https:\/\/www.epasc-ciney.be\/epasc\/wp-json\/wp\/v2\/media?parent=2737"}],"curies":[{"name":"wp","href":"https:\/\/api.w.org\/{rel}","templated":true}]}}