{"id":2715,"date":"2014-12-06T15:19:53","date_gmt":"2014-12-06T14:19:53","guid":{"rendered":"http:\/\/www.saintquentin.be\/epasc\/?page_id=2715"},"modified":"2015-05-02T12:58:00","modified_gmt":"2015-05-02T11:58:00","slug":"certification-sciences-a-lecole","status":"publish","type":"page","link":"https:\/\/www.epasc-ciney.be\/epasc\/activites-pedagogiques\/certifications\/certification-sciences-a-lecole\/","title":{"rendered":"Certification \"Sciences \u00e0 l'Ecole\""},"content":{"rendered":"<p><a href=\"https:\/\/i0.wp.com\/www.saintquentin.be\/epasc\/wp-content\/uploads\/2014\/12\/Logo-Sciencealecole.jpg\"><img data-recalc-dims=\"1\" loading=\"lazy\" decoding=\"async\" class=\"alignleft size-full wp-image-2716\" src=\"https:\/\/i0.wp.com\/www.saintquentin.be\/epasc\/wp-content\/uploads\/2014\/12\/Logo-Sciencealecole.jpg?resize=164%2C150\" alt=\"Logo Sciencealecole\" width=\"164\" height=\"150\" \/><\/a>En mai 2013, notre \u00e9cole a \u00e9t\u00e9 certifi\u00e9e \u00ab\u00a0Sciences \u00e0 l\u2019\u00e9cole\u00a0\u00bb. Ce label re\u00e7u de la F\u00e9d\u00e9ration Wallonie-Bruxelles atteste de nos bonnes pratiques de l\u2019enseignement des sciences\u00a0: formation attrayante et accessible aux jeunes.<\/p>\n<p>&nbsp;<\/p>\n<p>Dans le cadre, les \u00e9l\u00e8ves du 1<sup>er<\/sup> degr\u00e9 sont impliqu\u00e9s dans la journ\u00e9e Course aux Sciences. Ils font aussi la d\u00e9couverte du camion XP\u00e9rilab (voir photo ci-dessous) o\u00f9 ils ont l\u2019occasion de tester, raisonner, exp\u00e9rimenter, \u2026 bref de se transformer en v\u00e9ritables scientifiques.<\/p>\n<p>&nbsp;<\/p>\n<p><a href=\"https:\/\/i0.wp.com\/www.saintquentin.be\/epasc\/wp-content\/uploads\/2014\/12\/XPerilab2.jpg\"><img data-recalc-dims=\"1\" loading=\"lazy\" decoding=\"async\" class=\"aligncenter size-full wp-image-2718\" src=\"https:\/\/i0.wp.com\/www.saintquentin.be\/epasc\/wp-content\/uploads\/2014\/12\/XPerilab2.jpg?resize=800%2C788\" alt=\"XPerilab2\" width=\"800\" height=\"788\" srcset=\"https:\/\/i0.wp.com\/www.epasc-ciney.be\/epasc\/wp-content\/uploads\/2014\/12\/XPerilab2.jpg?w=800&amp;ssl=1 800w, https:\/\/i0.wp.com\/www.epasc-ciney.be\/epasc\/wp-content\/uploads\/2014\/12\/XPerilab2.jpg?resize=300%2C295&amp;ssl=1 300w, https:\/\/i0.wp.com\/www.epasc-ciney.be\/epasc\/wp-content\/uploads\/2014\/12\/XPerilab2.jpg?resize=600%2C591&amp;ssl=1 600w, https:\/\/i0.wp.com\/www.epasc-ciney.be\/epasc\/wp-content\/uploads\/2014\/12\/XPerilab2.jpg?resize=65%2C65&amp;ssl=1 65w, https:\/\/i0.wp.com\/www.epasc-ciney.be\/epasc\/wp-content\/uploads\/2014\/12\/XPerilab2.jpg?resize=66%2C66&amp;ssl=1 66w, https:\/\/i0.wp.com\/www.epasc-ciney.be\/epasc\/wp-content\/uploads\/2014\/12\/XPerilab2.jpg?resize=96%2C96&amp;ssl=1 96w\" sizes=\"auto, (max-width: 800px) 100vw, 800px\" \/><\/a><\/p>\n","protected":false},"excerpt":{"rendered":"<p>En mai 2013, notre \u00e9cole a \u00e9t\u00e9 certifi\u00e9e \u00ab\u00a0Sciences \u00e0 l\u2019\u00e9cole\u00a0\u00bb. Ce label re\u00e7u de la F\u00e9d\u00e9ration Wallonie-Bruxelles atteste de nos bonnes pratiques...<\/p>\n","protected":false},"author":1,"featured_media":0,"parent":2720,"menu_order":0,"comment_status":"open","ping_status":"open","template":"","meta":{"ngg_post_thumbnail":0,"footnotes":""},"class_list":["post-2715","page","type-page","status-publish","hentry"],"aioseo_notices":[],"_links":{"self":[{"href":"https:\/\/www.epasc-ciney.be\/epasc\/wp-json\/wp\/v2\/pages\/2715","targetHints":{"allow":["GET"]}}],"collection":[{"href":"https:\/\/www.epasc-ciney.be\/epasc\/wp-json\/wp\/v2\/pages"}],"about":[{"href":"https:\/\/www.epasc-ciney.be\/epasc\/wp-json\/wp\/v2\/types\/page"}],"author":[{"embeddable":true,"href":"https:\/\/www.epasc-ciney.be\/epasc\/wp-json\/wp\/v2\/users\/1"}],"replies":[{"embeddable":true,"href":"https:\/\/www.epasc-ciney.be\/epasc\/wp-json\/wp\/v2\/comments?post=2715"}],"version-history":[{"count":0,"href":"https:\/\/www.epasc-ciney.be\/epasc\/wp-json\/wp\/v2\/pages\/2715\/revisions"}],"up":[{"embeddable":true,"href":"https:\/\/www.epasc-ciney.be\/epasc\/wp-json\/wp\/v2\/pages\/2720"}],"wp:attachment":[{"href":"https:\/\/www.epasc-ciney.be\/epasc\/wp-json\/wp\/v2\/media?parent=2715"}],"curies":[{"name":"wp","href":"https:\/\/api.w.org\/{rel}","templated":true}]}}