{"id":1396,"date":"2013-11-14T15:37:05","date_gmt":"2013-11-14T14:37:05","guid":{"rendered":"http:\/\/www.saintquentin.be\/site\/?page_id=1396"},"modified":"2015-05-02T13:42:49","modified_gmt":"2015-05-02T12:42:49","slug":"agenda-21","status":"publish","type":"page","link":"https:\/\/www.epasc-ciney.be\/epasc\/activites-pedagogiques\/certifications\/agenda-21\/","title":{"rendered":"Agenda 21"},"content":{"rendered":"<h2><span style=\"color: #808000;\">Un nouveau label Agenda 21<a href=\"https:\/\/i0.wp.com\/www.saintquentin.be\/site\/wp-content\/uploads\/2012\/10\/Agenda21Logo.jpg\"><img data-recalc-dims=\"1\" loading=\"lazy\" decoding=\"async\" class=\"alignright size-medium wp-image-61\" title=\"Agenda21Logo\" src=\"https:\/\/i0.wp.com\/www.saintquentin.be\/site\/wp-content\/uploads\/2012\/10\/Agenda21Logo-300x141.jpg?resize=300%2C141\" alt=\"\" width=\"300\" height=\"141\" srcset=\"https:\/\/i0.wp.com\/www.epasc-ciney.be\/epasc\/wp-content\/uploads\/2012\/10\/Agenda21Logo.jpg?resize=300%2C141&amp;ssl=1 300w, https:\/\/i0.wp.com\/www.epasc-ciney.be\/epasc\/wp-content\/uploads\/2012\/10\/Agenda21Logo.jpg?w=505&amp;ssl=1 505w\" sizes=\"auto, (max-width: 300px) 100vw, 300px\" \/><\/a><\/span><\/h2>\n<p>&nbsp;<\/p>\n<p><em>Ce\u00a0 11 octobre 2013, notre \u00e9cole a, pour la seconde fois, \u00e9t\u00e9 audit\u00e9e dans le cadre du label A21 scolaire en vue de sa re-labellisation.<\/em><\/p>\n<p><strong>Rappels\u00a0:\u00a0 enjeux, philosophie du projet\u00a0:<\/strong><\/p>\n<p>En septembre 2010, l'EPASC a d\u00e9cid\u00e9 de se lancer dans la dynamique \u00ab Agenda 21 \u00bb scolaire pour f\u00e9d\u00e9rer et apporter une coh\u00e9rence aux maintes activit\u00e9s d\u00e9j\u00e0 ancr\u00e9es dans l'\u00e9cole et pour stimuler la r\u00e9alisation d'actions p\u00e9rennes dans toutes les dimensions du d\u00e9veloppement durable.<\/p>\n<p>Vu la complexit\u00e9 de l'\u00e9cole, la mise en place de la d\u00e9marche \u00ab Agenda 21 \u00bb scolaire a suppos\u00e9 la collaboration active d'un nombre maximum d'acteurs de mani\u00e8re \u00e0 essaimer les principes du d\u00e9veloppement durable dans toutes les activit\u00e9s de l'\u00e9cole.<\/p>\n<p>Dans son mode d'organisation et dans les activit\u00e9s mises en place actuellement, l'EPASC dispose du terreau n\u00e9cessaire pour parvenir \u00e0 une d\u00e9marche structur\u00e9e et coh\u00e9rente. Mentionnons, entre autres :<\/p>\n<p>\u2022 L'investissement de l'\u00e9cole en mati\u00e8re d'alimentation saine, \u00e9quilibr\u00e9e et durable;<\/p>\n<p>\u2022 Un dynamisme interne d\u00e9j\u00e0 existant dans la mise en place de projets transversaux, locaux et internationaux;<\/p>\n<p>\u2022 La dimension \u00ab ouverture vers l'ext\u00e9rieur \u00bb tr\u00e8s pr\u00e9sente par de multiples collaborations mises en place au niveau local;<\/p>\n<p>\u2022 L'existence d\u2019une section environnement, particuli\u00e8rement sensible aux diff\u00e9rentes th\u00e9matiques du d\u00e9veloppement durable.<\/p>\n<p>&nbsp;<\/p>\n<p><span style=\"color: #ff0000;\"><strong>Le 21 mars 2014, dans le cadre du Forum des Ecoles en d\u00e9veloppement durable, le Ministre wallon de l\u2019environnement nous d\u00e9cernera \u00e0 nouveau officiellement le label \u00a0\u00ab Agenda 21 \u00bb scolaire.<\/strong><\/span><\/p>\n<p><a title=\"Coren\" href=\"http:\/\/www.coren.be\" target=\"_blank\"><img data-recalc-dims=\"1\" loading=\"lazy\" decoding=\"async\" class=\"aligncenter size-full wp-image-1404\" title=\"Coren\" src=\"https:\/\/i0.wp.com\/www.saintquentin.be\/site\/wp-content\/uploads\/2013\/11\/Coren.png?resize=211%2C133\" alt=\"\" width=\"211\" height=\"133\" \/><\/a><\/p>\n<p>Extrait de la fiche signal\u00e9tique concernant notre \u00e9cole\u00a0 (coren.be)<\/p>\n<p><a href=\"http:\/\/www.saintquentin.be\/site\/wp-content\/uploads\/2013\/11\/Fiche_COREN_EPASC.pdf\">Fiche_COREN_EPASC<\/a><\/p>\n<p>&nbsp;<\/p>\n","protected":false},"excerpt":{"rendered":"<p>Un nouveau label Agenda 21 &nbsp; Ce\u00a0 11 octobre 2013, notre \u00e9cole a, pour la seconde fois, \u00e9t\u00e9 audit\u00e9e dans le cadre du...<\/p>\n","protected":false},"author":1,"featured_media":2194,"parent":2720,"menu_order":1,"comment_status":"open","ping_status":"open","template":"","meta":{"ngg_post_thumbnail":0,"footnotes":""},"class_list":["post-1396","page","type-page","status-publish","has-post-thumbnail","hentry"],"aioseo_notices":[],"_links":{"self":[{"href":"https:\/\/www.epasc-ciney.be\/epasc\/wp-json\/wp\/v2\/pages\/1396","targetHints":{"allow":["GET"]}}],"collection":[{"href":"https:\/\/www.epasc-ciney.be\/epasc\/wp-json\/wp\/v2\/pages"}],"about":[{"href":"https:\/\/www.epasc-ciney.be\/epasc\/wp-json\/wp\/v2\/types\/page"}],"author":[{"embeddable":true,"href":"https:\/\/www.epasc-ciney.be\/epasc\/wp-json\/wp\/v2\/users\/1"}],"replies":[{"embeddable":true,"href":"https:\/\/www.epasc-ciney.be\/epasc\/wp-json\/wp\/v2\/comments?post=1396"}],"version-history":[{"count":0,"href":"https:\/\/www.epasc-ciney.be\/epasc\/wp-json\/wp\/v2\/pages\/1396\/revisions"}],"up":[{"embeddable":true,"href":"https:\/\/www.epasc-ciney.be\/epasc\/wp-json\/wp\/v2\/pages\/2720"}],"wp:featuredmedia":[{"embeddable":true,"href":"https:\/\/www.epasc-ciney.be\/epasc\/wp-json\/wp\/v2\/media\/2194"}],"wp:attachment":[{"href":"https:\/\/www.epasc-ciney.be\/epasc\/wp-json\/wp\/v2\/media?parent=1396"}],"curies":[{"name":"wp","href":"https:\/\/api.w.org\/{rel}","templated":true}]}}