{"id":132,"date":"2012-10-01T21:03:54","date_gmt":"2012-10-01T19:03:54","guid":{"rendered":"http:\/\/www.saintquentin.be\/site\/?page_id=132"},"modified":"2026-01-20T12:53:13","modified_gmt":"2026-01-20T11:53:13","slug":"inscriptions","status":"publish","type":"page","link":"https:\/\/www.epasc-ciney.be\/epasc\/notre-ecole\/inscriptions\/","title":{"rendered":"Renseignements utiles"},"content":{"rendered":"<h2 style=\"text-align: left;\"><span style=\"color: #ff0000;\">Acc\u00e8s : <strong><span style=\"color: #000000;\">consultez<\/span><\/strong> <a title=\"Plan d'acc\u00e8s\" href=\"http:\/\/www.saintquentin.be\/epasc\/?page_id=43\">notre plan d'acc\u00e8s<\/a><br \/>\n<\/span><\/h2>\n<h1 style=\"text-align: center;\"><strong><span style=\"color: #ff0000;\">Inscriptions<\/span><\/strong><\/h1>\n<h3 style=\"text-align: center;\"><strong>1. Accueil \/ Information<\/strong><\/h3>\n<h3 style=\"text-align: center;\"><span style=\"background-color: #0000ff; color: #ffffff;\"><strong><em><span style=\"background-color: #00ccff;\">Soit d\u00e8s \u00e0 pr\u00e9sent lors de nos journ\u00e9es d'infos - visites et\/ou inscriptions.<\/span><br \/>\n<span style=\"background-color: #ffffff;\"><span style=\"color: #ff6600;\">Pour en savoir plus<\/span> <a style=\"background-color: #ffffff;\" href=\"https:\/\/www.epasc-ciney.be\/epasc\/renseignements-et-inscriptions\/\">cliquez ICI<\/a><br \/>\n<\/span><br \/>\n<span style=\"background-color: #00ccff;\">Soit durant les vacances d'\u00e9t\u00e9<\/span><\/em><span style=\"background-color: #00ccff;\"> : <em>sur rendez-vous du 06\/07 au 10\/07<br \/>\net \u00e0 partir du 17\/08 : <\/em><\/span><\/strong><\/span><span style=\"color: #000000;\"><em><strong>T\u00e9l\u00e9phone 081\/77 67 90<\/strong><\/em><\/span><\/h3>\n<h3 style=\"text-align: center;\"><span style=\"color: #ffffff; background-color: #00ccff;\"><strong><em>Soit lors de notre journ\u00e9e \"Portes Ouvertes\"<br \/>\n<\/em><\/strong><\/span><span style=\"color: #000000;\"><strong><em>qui est programm\u00e9e chaque ann\u00e9e le jeudi<\/em><\/strong><strong><em> de l'Ascension<br \/>\n<\/em><\/strong><\/span><span style=\"color: #993300;\"><strong><em>(cette ann\u00e9e ce sera le 14 mai 2026 de 10h \u00e0 17h)<\/em><\/strong><\/span><\/h3>\n<p style=\"text-align: center;\">Renseignements compl\u00e9mentaires :<br \/>\n<strong><strong>T\u00e9l\u00e9phone : 081\/77 67 90 Fax : 081\/77 69 89<\/strong><\/strong><\/p>\n<p style=\"text-align: center;\">Direction : Etienne BAIJOT<br \/>\nE-mail : <a href=\"mailto:ecole.agrosciences@province.namur.be\">ecole.agrosciences@province.namur.be<\/a><\/p>\n<p style=\"text-align: center;\">ADRESSE de l'\u00e9cole:<br \/>\nEcole Provinciale d'Agronomie et des Sciences de Ciney<br \/>\nDomaine de Saint-Quentin, 14 \u2022 5590 CINEY<\/p>\n<p style=\"text-align: center;\"><strong>2. Dossier administratif<\/strong><\/p>\n<p style=\"text-align: center;\">Pour les premi\u00e8res il faut :<\/p>\n<p style=\"text-align: center;\">- le CEB (dipl\u00f4me de primaire),<br \/>\n- une copie de la carte d\u2019identit\u00e9,<br \/>\n- l\u2019attestation concernant le choix<br \/>\nde la langue moderne suivie en primaire.<br \/>\n(N.B. : L\u2019enfant peut changer avant le 15 septembre.<br \/>\nDans ce cas, les parents doivent le justifier par \u00e9crit).<\/p>\n<p style=\"text-align: center;\">Le choix de langues et du cours philosophique sera pr\u00e9cis\u00e9 \u00e0 la rentr\u00e9e.<br \/>\nPour d'autres documents administratifs tels que abonnement, bourse d\u2019\u00e9tude,<br \/>\nallocation familiales, ... il faut se renseigner aupr\u00e8s du service administratif.<\/p>\n<p style=\"text-align: center;\"><strong>3. Equipement \u00e9l\u00e8ves<\/strong><\/p>\n<p style=\"text-align: center;\">D\u00e8s la rentr\u00e9e, en fonction des orientations et options, les professeurs pr\u00e9ciseront<br \/>\nce qui sera n\u00e9cessaire. L\u2019\u00e9cole dispose d\u2019une procure qui fournit une partie des<br \/>\ndocuments scolaires en fonction des options choisies.<\/p>\n<p style=\"text-align: center;\"><strong>4. Co\u00fbt<\/strong><\/p>\n<p style=\"text-align: center;\">Facturation forfaitaire en d\u00e9but d\u2019ann\u00e9e et ajustement par la suite en fonction des<br \/>\nfrais r\u00e9els (environ 100 euros en fonction des ann\u00e9es et options).<\/p>\n<p style=\"text-align: center;\"><strong>5. Repas<\/strong><\/p>\n<p style=\"text-align: center;\">Possibilit\u00e9 de prendre un repas chaud \u00e0 midi<br \/>\nainsi que d\u00e9jeuner, go\u00fbter et souper.<\/p>\n<p style=\"text-align: center;\"><strong>6. Horaire g\u00e9n\u00e9ral<\/strong><\/p>\n<p style=\"text-align: center;\">\u2022 <u>Du Lundi au jeudi<\/u>&nbsp;: d\u00e9but des cours \u00e0 08h25, fin des cours \u00e0 16h20.<br \/>\n<u>Le vendredi<\/u>&nbsp;: d\u00e9but des cours \u00e0 08h25, fin des cours \u00e0 15h20.<\/p>\n<p style=\"text-align: center;\">\u2022 <u>Pour le 1er degr\u00e9<\/u> : cong\u00e9 le mercredi apr\u00e8s-midi.<\/p>\n<p style=\"text-align: center;\"><strong>7. Dates de rentr\u00e9e<\/strong><\/p>\n<p style=\"text-align: center;\">Elles sont pr\u00e9cis\u00e9es d\u00e8s la fin de chaque ann\u00e9e scolaire.<br \/>\nUn accueil sp\u00e9cifique est organis\u00e9 pour les 1\u00e8res ann\u00e9es.<\/p>\n<p style=\"text-align: center;\"><strong>8. R\u00e8glement d'ordre int\u00e9rieur<\/strong><\/p>\n<p style=\"text-align: center;\">(document remis \u00e0 l'inscription)<\/p>\n<p style=\"text-align: center;\"><strong>T\u00e9l\u00e9chargeable sur notre site<\/strong><\/p>\n<p style=\"text-align: center;\">Il comprend&nbsp;: le projet \u00e9ducatif et p\u00e9dagogique, les projets d\u2019\u00e9tablissement,<br \/>\nle r\u00e8glement d\u2019ordre int\u00e9rieur (g\u00e9n\u00e9ral et sp\u00e9cifique)<\/p>\n<p style=\"text-align: center;\"><strong>9. Internat<\/strong><\/p>\n<p style=\"text-align: center;\">(Voir rubrique qui y est consacr\u00e9e)<\/p>\n","protected":false},"excerpt":{"rendered":"<p>Acc\u00e8s : consultez notre plan d'acc\u00e8s Inscriptions 1. Accueil \/ Information Soit d\u00e8s \u00e0 pr\u00e9sent lors de nos journ\u00e9es d'infos - visites et\/ou...<\/p>\n","protected":false},"author":1,"featured_media":0,"parent":22,"menu_order":42,"comment_status":"closed","ping_status":"closed","template":"page-onecolumn.php","meta":{"ngg_post_thumbnail":0,"footnotes":""},"class_list":["post-132","page","type-page","status-publish","hentry"],"aioseo_notices":[],"_links":{"self":[{"href":"https:\/\/www.epasc-ciney.be\/epasc\/wp-json\/wp\/v2\/pages\/132","targetHints":{"allow":["GET"]}}],"collection":[{"href":"https:\/\/www.epasc-ciney.be\/epasc\/wp-json\/wp\/v2\/pages"}],"about":[{"href":"https:\/\/www.epasc-ciney.be\/epasc\/wp-json\/wp\/v2\/types\/page"}],"author":[{"embeddable":true,"href":"https:\/\/www.epasc-ciney.be\/epasc\/wp-json\/wp\/v2\/users\/1"}],"replies":[{"embeddable":true,"href":"https:\/\/www.epasc-ciney.be\/epasc\/wp-json\/wp\/v2\/comments?post=132"}],"version-history":[{"count":20,"href":"https:\/\/www.epasc-ciney.be\/epasc\/wp-json\/wp\/v2\/pages\/132\/revisions"}],"predecessor-version":[{"id":37132,"href":"https:\/\/www.epasc-ciney.be\/epasc\/wp-json\/wp\/v2\/pages\/132\/revisions\/37132"}],"up":[{"embeddable":true,"href":"https:\/\/www.epasc-ciney.be\/epasc\/wp-json\/wp\/v2\/pages\/22"}],"wp:attachment":[{"href":"https:\/\/www.epasc-ciney.be\/epasc\/wp-json\/wp\/v2\/media?parent=132"}],"curies":[{"name":"wp","href":"https:\/\/api.w.org\/{rel}","templated":true}]}}